lue of 5 + 0 + (-2 - 1 - -7) + 0?
9
What is 8 - (-7 - (-23 + -4))?
-12
Evaluate -22 + 7 + 32 + -30.
-13
What is 27 - (4 - (22 + -7)) - 8?
30
What is the value of (2 - (22 - 2)) + 4?
-14
What is 20 + -18 + 4 + (-5 - -1)?
2
What is the value of -2 - -1 - 1 - (-11 + -19 + 26)?
2
17 - (1 + 2 + 6)
8
Calculate -1 + (-5 + (2 - -3) - -10 - 36).
-27
Calculate (-42 - -1) + (2 - 1 - (-296 + 285)).
-29
What is -3 + 1 + 4 - (2 + 17 + -18)?
1
-14 - -23 - (-1 + 4) - 4
2
What is the value of (-11 - (8 - 4)) + 55 + -64?
-24
What is the value of (0 - (-5 - -3)) + 303 + -300?
5
1 - 14 - ((11 + -38 - -13) + 14)
-13
-27 + 0 + (-35 - -41) + 3
-18
-6 + (2 - 6) + 9
-1
8 + -15 + (37 - (12 - -2))
16
What is the value of 1 + (-1 - -8) + 15 + -4 + -26?
-7
What is 10 + (-2 - -2) + -20 + 11?
1
Calculate 10 + -1 - (-39 - (-12 + -6) - -35).
-5
What is the value of (40 - -48) + -77 - ((0 - 0) + 25)?
-14
-3 + 1 + 2 + 7 - (3 - -11)
-7
What is -2 + 12 + (-11 - (15 - 5 - -9))?
-20
What is (7 + 4 + -5 - 10) + (2 - 2)?
-4
What is -16 + (-4 - -16) + 7?
3
What is the value of 40 + (13 + -7 + -16 - 0 - 0)?
30
374 + -372 - (0 + 0 + -6)
8
What is the value of (-23 - -27) + 17 - 28?
-7
Calculate -4 + (-1 - (0 + 4 + -1 + -13)).
5
Calculate -7 + 1 + (667 - 679).
-18
What is the value of 22 + 10 + (13 - 35 - 1)?
9
What is the value of (-49 - -60 - (-1 - -7)) + 2?
7
Calculate 8 - 0 - ((8 - 8) + 2 - 17).
23
What is the value of -21 + 0 + (9 - 3 - -1)?
-14
What is 31 + 1 + (-229 - -223)?
26
3 + 3 + 18 + -16 + 9 + 9
26
Evaluate 2 - (4 - 13) - 20 - 9.
-18
Evaluate 0 + 2 + -2 + -1 + (10 - 5).
4
What is the value of 294 - 282 - ((-2 - -2) + 0)?
12
-5 - (0 - -1 - ((33 - 24) + 5))
8
-188 + 211 + -25 + -2
-4
15 + (50 - 87 - (-17 + 1))
-6
What is the value of 20 - ((-2 - -16) + -9)?
15
Evaluate -6 - (11 + 1 - 22) - (3 - -3).
-2
Calculate -21 - (-11 - (-5 - -3)).
-12
Evaluate -34 + 16 + -1 - -37.
18
Evaluate (-142 - -133) + 10 + 0.
1
Calculate 4 - (-9 - ((-11 - -3) + -10)).
-5
What is 4 - -1 - (-3 - (14 + -10 + -1))?
11
What is 159 - 145 - (-2 - -34)?
-18
Evaluate -2 + -6 + 13 + -15 + -1 + 2.
-9
What is the value of 12 + -3 + -3 - (3 + 2 - 3)?
4
Evaluate -10 - (-10 + (11 - 11)).
0
Evaluate (-1 - (-1 - -15)) + -4.
-19
(-2 - (2 - 2)) + -2 + 4 + -8
-8
-14 - -1 - (14 - 14 - 3)
-10
Evaluate -14 + 29 + (-16 - -1) + 6.
6
What is the value of 349 + -366 + (0 - -11)?
-6
What is the value of -1 + -2 - -1 - (22 + -19 - -6)?
-11
What is 4 + 8 - (9 - -1) - 1?
1
(-5 - 2 - -8) + -8 + -3
-10
Calculate (-11 + 4 - -8) + 4 + -10.
-5
Calculate -3 - 3 - (7 + -10 - -3 - 0).
-6
(1 - -8) + (8 - -13) + -9
21
0 - -4 - (-17 + (4 - -20))
-3
-19 + (31 - 7) + 16
21
What is the value of 16 + (-14 - (5 + -1))?
-2
What is -6 - (26 - (1 + (-6 - -11 - 14)))?
-40
Evaluate -55 - -56 - (-2 + -10 - -2).
11
Evaluate (19 - -25) + -20 + -11.
13
(-93 - -96) + -22 + 0
-19
Calculate 7 + (-7 - -6) + -12.
-6
Evaluate 5 + 5 + -60 + (135 - 117).
-32
Calculate -6 + (-12 + -14 - -49).
17
Evaluate 11 + (44 - 52) - (-2 - 7).
12
What is (7 - 6) + (-31 - -40)?
10
What is the value of (6 - (16 - 2 - 8)) + 2?
2
What is (-2 + -15 - -3) + (-88 - -94)?
-8
(9 - (7 - 3)) + (-17 - (-12 + -21))
21
What is 4 - (-5 + 55 - 9 - 13)?
-24
Evaluate 22 - (18 + -5 + 14 + -13).
8
21 - (-5 + 33 - -4)
-11
Calculate (-5 + -2 - -29) + -15.
7
6 - 3 - ((3 - 3) + 4)
-1
Calculate 14 - (2 - -8) - (10 + 8).
-14
Calculate (-10 + 2 - 14) + 10.
-12
Evaluate -4 + -4 + (17 - -2 - 34).
-23
(11 - -2) + (4 - 24)
-7
Evaluate -13 + (-4 - (-20 - -26)).
-23
Evaluate -671 - -681 - (3 - 0).
7
What is -114 + 110 + 0 + 1 + -3 + 0?
-6
What is the value of (24 + -7 - 6) + -23 + -1 + -2?
-15
Evaluate -8 + 6 - -9 - (-10 + -7).
24
Evaluate -65 - -56 - (1 + (-11 - -1)).
0
Evaluate 5 + (0 - 3) - (-211 - -221).
-8
Calculate 6 + (-18 + -10 - -14).
-8
(3 - (17 - 2)) + (-5 - -5)
-12
Evaluate -8 + 0 + 3 + -3 + 5 + 0.
-3
What is the value of -14 - (-2 - (-14 + 5) - (1 - -8))?
-12
(-175 - -155) + (2 - -45)
27
Calculate 5 + -18 + 12 + 15.
14
Evaluate 0 + (-2 - (-1 + 3) - (146 - 146)).
-4
(-1 - -4) + (-19 - -18) + -6
-4
Calculate -11 + (-4 - ((-3 + -8 - -6) + 0)).
-10
What is the value of 5 + (20 + -36 - (-4 + 0)) - 0?
-7
Calculate -1 + (7 + -4 - 4) - (-14 + 15).
-3
11 + -11 - 9 - -26
17
Calculate (-4 - -1) + 2 - (7 - (-2 + -5)).
-15
Calculate -32 - ((25 - 44) + -26).
13
Calculate -23 + 8 + 31 + 5.
21
Calculate (-19 - -100) + -18 - 36.
27
What is the value of 1 - (28 + -8 + 14)?
-33
What is 6 - (-14 - (11 + -12) - (-7 + 2))?
14
-6 - -12 - 5 - 4 - (2 - -1)
-6
What is 549 + -538 - (2 - 1 - -14)?
-4
What is 32 + -62 + (-2 - -33)?
1
-15 + (27 - 4) + 7
15
What is the value of -41 + (14 - (12 - (11 + -5))) + 3?
-30
What is (16 + -9 - 11) + 5 + -15?
-14
-24 - (-3 + -8) - -3
-10
What is the value of (3 + 8 - 9) + 0 + 4 - -4?
10
What is -1 + (-19 - 0) + 12 + -23 + 14?
-17
Evaluate 10 + 1 + -6 + -5.
0
What is (3 - 0) + -104 + 100?
-1
Calculate -17 - (-25 + 24 + -33).
17
Calculate (43 - 42) + 0 + 7 + -12 + 9.
5
Evaluate (11 - (22 + -10) - (-34 + -5)) + -7.
31
Evaluate 5 + 15 - (72 - 51).
-1
What is the value of (5 - 14) + 12 - (0 + 7 + -2)?
-2
What is 9 + (-3 - (1 + (-4 - 4)) - -7)?
20
Evaluate 29 - -8 - (10 + 9).
18
Evaluate -9 + (0 - (21 - 44)).
14
Calculate 1 + (-9 - 0 - -8 - 3).
-3
Calculate 21 + 0 - (20 - (21 - 11)).
11
Evaluate 0 + -6 - ((10 - 0) + -17).
1
What is -7 + -1 + 23 + 6 + -33?
-12
2 + (18 - 9) - (-2 + 1)
12
Evaluate (34 - 18) + -29 + 15.
2
Calculate -10 - (-6 - 15 - -14).
-3
What is (14 + 4 - 9) + -12 - (21 - 4)?
-20
What is the value of 34 - 36 - (3 - -12)?
-17
What is (-1 - -29) + -47 + 40?
21
13 + -38 + 12 - 1 - (-1 - 6)
-7
Calculate -104 - -83 - (-9 + 2).
-14
Calculate (16 - -1) + -2 + -6 + (2 - -1).
12
Evaluate (24 - 16) + -15 - 7.
-14
What is -10 + 9 + (-7 - (-5 + -1)) - 3?
-5
16 + -18 - -3 - -8
9
Calculate -10 + 1 - (-75 + 29 - -40).
-3
What is the value of 10 + 0 + 0 + -21 + -4?
-15
(8 + (-1 - 14) - -2) + -2 + 3
-4
-3 - (6 - -2 - -1)
-12
What is the value of -30 + 17 + (-29 - -9) + 5?
-28
What is the value of (-8 - -18) + 2 + 0?
12
(9 - (-18 - -5)) + -19
3
What is the value of (9 - (-44 + 46)) + 11?
18
What is the value of 81 + -11 + -73 - (1 + -6)?
2
4 + (2 + 2 - (-1 - -13))
-4
Calculate (214 - 216) + (-4 - -23).
17
Calculate -17 - (31 + -89 + 16).
25
What is 8 - (2 + -4) - (189 + -181)?
2
Calculate -9 + -9 + (-1 - 5 - -6).
-18
Calculate (10 - -5) + 8 + -12 + -3.
8
What is -4 + 9 + (2 + -2 - (23 + -18))?
0
-28 + (3 - -24) - -23
22
0 + (-1 + 1 - -13 - (8 - 2))
7
Evaluate -11 + -21 + (12 - (1 - -4)).
-25
-23 - -8 - -18 - (21 + -1) - -2
-15
What is the value of (-21 - (-33 + 14)) + 12?
10
13 + -18 + (-5 + 6 - 2)
-6
What is the value of -24 - (-27 - (12 - -11))?
26
What is -5 - ((-5 - -7) + -4 + (-4 - 1))?
2
What is (-3 - -8 - 11) + 10 - 10 - -18?
12
What is -6 + (20 + 3 + 7 + -7 - 3)?
14
What is the value of -27 - (-45 - -17) - (2 + 19)?
-20
Calculate -6 + (-4 - 12) + (0 - -9) + 4.
-9
Evaluate (32 + -14 - 1) + -36.
-19
What is the value of 6 + (-46 - -41) + (-2 - -2)?
1
-52 + 15 - -5 - (-12 + 1)
-21
What is the value of -4 - (5 + -2) - (-26 + 10)?
9
Evaluate -5 + 11 + (-2 - (-4 + -3)) + 0.
11
What is the value of (48 - 5) + 2 + -23?
22
13 + 12 + -23 - 8
-6
Evaluate 3 + (-1 - 5) + 7 + 2.
6
(-10 - -2) + ((-10 - -10) + -4 - -8)
-4
-4 - (-10 + -3 + -3)
12
What is -2 + -1 + 1 + -12 + 7?
-7
What is (-10 - (-8 - (-2 - -10))) + (0 - 17)?
-11
(2 - -2) + -404 + 384
-16
Evaluate -1 - (-5 - 1) - (-320 - -311).
14
What is (-4 - -3) + 2 - 8?
-7
What is the value of (5 - (1 + -38)) + -10 + -17 + 22?
37
-81 - (-44 + -22 + 22)
-37
Calculate (-2 - (-2 - (1 + -7))) + (2 - -13).
9
Evaluate -10 + 2 + (22 - 13) + -10 + -2.
-11
What is the value of (-4 - 2) + (-31 - (-8 - 7))?
-22
Calculate 28 - 39 - (1 + (-9 - (-1 + -9))).
-13
-6 - (17 + -2 + (10 - 14 - 3))
-14
Calculate -18 + 28 - -12 - 11.
11
What is -3 + -8 + 0 - (159 - 166)?
-4
What is the value of -4 - ((-11 - -5) + 0)?
2
What is -206 - -234 - (4 + -7 - (-14 - 0))?
17
What is the value of 9 + 9 + -17 + -13?
-12
What is the value of 1 - 7 - (-31 - (21 - 56))?
-10
What is 6 + 3 + (10 - 11 - 15) + 31?
24
What is 0 - (-12 + (26 - 9))?
-5
What is 29 - 40 - 22 - -35?
2
-1 - (5 - (1 - (7 + -14))) - 7
-5
What is -15 + (45 - (12 + -15 - -11))?
22
-3 + -13 + 8 + 7 + 8
7
What 